of -h**5/60 - h**4/2 - 5*h**3/3 - 2*h**2. What are the prime factors of j(-9)?
17
Suppose -o + 2*a + 9 = 0, -4*a + 11 = 3*o - 2*a. Let t(r) = 3*r - 1. Let y be t(1). Suppose -o*h - y = -12. What are the prime factors of h?
2
Suppose 3*u - 5*u + 44 = 0. What are the prime factors of u?
2, 11
Let j = 1 + 4. Suppose -z + j*z - 48 = 0. List the prime factors of -3 + z + -1 + 2.
2, 5
Let i = -1 + 4. Suppose -o = i*o - 32. What are the prime factors of o?
2
Let c(q) = 5*q - 2*q + 0 + 0. Let l be c(2). Let m = l - 4. What are the prime factors of m?
2
List the prime factors of (1 + -3)/((-2)/4) + -2.
2
Let y(d) be the third derivative of -d**4/24 + 2*d**3 + d**2. Let r(x) = 5*x**2 + 2*x - 1. Let l be r(1). List the prime factors of y(l).
2, 3
Let q = 38 + 0. What are the prime factors of q?
2, 19
Suppose -3*y + 5 = -19. What are the prime factors of y?
2
Suppose 0 = -2*i - 0 - 10. Let p = i + 13. List the prime factors of p.
2
Suppose -3*k + 0*k + 3*d = -282, -3*k + 278 = -4*d. What are the prime factors of k?
2, 7
Let w(l) = 4*l - 6*l + 4*l**2 - 6 - 4*l. Let v be w(5). Suppose 4*i - v = -4*u, -4*u - i + 37 + 24 = 0. What are the prime factors of u?
3, 5
Let a be ((-4)/(-5))/((-4)/(-70)). Suppose a = i + 1. What are the prime factors of i?
13
Let v(y) = -9*y - 12. What are the prime factors of v(-10)?
2, 3, 13
Let i(f) = -f**3 - 5*f**2 - 2*f - 2. Let p be i(-5). Let a = p + -3. Suppose -a*m + 32 = 2. List the prime factors of m.
2, 3
Let a(j) = -2*j - 8. List the prime factors of a(-5).
2
Let h(t) = t + 8. Let i be h(-7). Suppose r = i + 1. Suppose u + 4 = -5*v, -r*v + 7 - 46 = -3*u. List the prime factors of u.
11
Let w(b) = 3*b**2 + 12*b + 6. Let v(m) = -8*m**2 - 35*m - 19. Let i(c) = -4*v(c) - 11*w(c). Let u be i(10). What are the prime factors of (-5)/u + (-27)/(-2)?
2, 7
Let f(o) = o**3 + 5*o**2 + 6*o + 4. Let u be f(-4). Let y be u/(-16) + (-47)/(-4). Suppose 3*h - y = 2*h. List the prime factors of h.
2, 3
Let c = 77 - 54. What are the prime factors of c?
23
Let u be 1*3*(-2)/(-6). What are the prime factors of 6/8*(u - -7)?
2, 3
Suppose -n - 32 = -2*v, 17 = -n + 4*v - 25. Let u be 38*(2 - 3 - -2). Let l = n + u. What are the prime factors of l?
2
Suppose 110 = -2*k - 180. Let r = -101 - k. What are the prime factors of r?
2, 11
Let s(d) be the second derivative of d**3/3 - 2*d**2 - 5*d. What are the prime factors of s(9)?
2, 7
Let s(m) be the first derivative of -m**3/3 - 2*m**2 + 6*m - 2. Let o be s(-5). What are the prime factors of 2 - (-2)/(o/1)?
2
Let d(z) = z**3 + 7*z**2 + z - 5. What are the prime factors of d(-6)?
5
Let d(x) = 18*x - 23. What are the prime factors of d(5)?
67
Suppose 2*h - 32 - 2 = -4*l, -5*h = -3*l + 58. Let b = l + 4. Suppose -b = -q - 3*w, 0 = q - w - 0 + 1. What are the prime factors of q?
3
Let u = -2 + 40. Suppose 3*s + s - u = -2*o, s - 5 = 4*o. List the prime factors of s.
3
Let g(w) = w**2 - 4. Let x = -1 - -4. What are the prime factors of g(x)?
5
List the prime factors of (2 + -8)*16/(-8).
2, 3
Suppose -194 = -5*t - 19. List the prime factors of t.
5, 7
What are the prime factors of 2*(-3 - 165/(-6))?
7
Let h = -9 - -33. Suppose h = 2*o - 4*t, 16 = 7*o - 4*o + 4*t. What are the prime factors of o?
2
Let k be ((0/(-3))/(-1))/(-1). Suppose -2*f + 19 - 1 = k. What are the prime factors of f?
3
Let t = 4 + 7. Suppose v - 38 = -t. List the prime factors of v.
3
Suppose 0 = -2*w + 2*b + b - 1, 4*w - 4 = 4*b. Suppose 0 = -2*m + 5*x + 64, 0*x - 4*x = w*m - 100. What are the prime factors of m?
3
Suppose 5*n = -2*a - 15 + 56, -3*a + 4*n + 73 = 0. List the prime factors of a.
23
Let g(i) = -i**3 - 4*i**2 + 3*i + 5. Let l be g(-4). Let c be 4/(4/13) - 2. Let n = c + l. List the prime factors of n.
2
Let k(r) = r**3 - 6*r**2 + 7*r - 6. Let f be k(4). Let o = f + 13. What are the prime factors of o?
3
Let n(c) = 7*c**2 - 1. Suppose 3 = l - 1. Suppose -l = 3*k + k. List the prime factors of n(k).
2, 3
Let n = 2 + 4. Let h = -4 + n. Let g = 10 - h. What are the prime factors of g?
2
Suppose 0*q = 4*q - 12. Suppose 4*f = 3*m - 63, -3*m = q*f - 14 - 70. What are the prime factors of m?
5
Let b(m) = 2*m**3 + 30*m**2 + 16*m - 20. List the prime factors of b(-14).
2, 37
Suppose -3*y - 3 = 0, -3*r + r - 4*y + 38 = 0. List the prime factors of 2/6 - (-266)/r.
13
Let z(f) = -f**2 - 5*f + 4. Let d be -3*1/(-6)*-10. What are the prime factors of z(d)?
2
Let q = 5 + -13. Let g(z) = -z**3 + 9*z**2 + 3*z - 19. Let y be g(9). Let l = y - q. What are the prime factors of l?
2
Let h(k) = k + 0 + 3*k + 3 - 2*k**2 + 3*k**2. What are the prime factors of h(-5)?
2
Let d(q) = -21*q**3 - q**2. List the prime factors of d(-1).
2, 5
Let l = -1 + 15. Let i = 53 - l. What are the prime factors of i?
3, 13
Suppose 19*m + 369 = 20*m. What are the prime factors of m?
3, 41
Suppose -21 = 4*a + i + 8, -5*a - 5*i - 40 = 0. What are the prime factors of 190/6 + a/(-21)?
2
Let f(k) = 8*k**2 + 2*k - 4. What are the prime factors of f(-4)?
2, 29
Let y be (-2)/(-1) + 2*-8. Let f = -9 - y. Suppose f*a - 32 = a. What are the prime factors of a?
2
Suppose 5*k + 126 = -b + 5*b, -5*k + 106 = 4*b. List the prime factors of b.
29
Let a = -197 - -387. List the prime factors of a.
2, 5, 19
Suppose -2*w - 101 - 57 = -3*g, -4*g - 5*w + 203 = 0. What are the prime factors of g?
2, 13
Suppose 0 = 8*a - 4*a - 72. Let b = a + 6. What are the prime factors of b?
2, 3
Let i(s) = -2*s**3 + s**2 + s. Let x be i(-1). Suppose -3*d - 2*m - 64 = x*d, 2*d + 37 = 3*m. Let q = 27 + d. What are the prime factors of q?
13
Let x(p) = p**3 + p**2 - p + 12. Let j = 8 - 6. Suppose -j*s = s. What are the prime factors of x(s)?
2, 3
Suppose 3099 = 14*c - 2151. What are the prime factors of c?
3, 5
Suppose -45 = -3*v + 99. List the prime factors of v.
2, 3
Suppose -4 = -3*y - 1, -4*h - 3*y = -127. Suppose -3*s + 12 = -3, -p = 5*s - h. List the prime factors of p.
2, 3
Let b = 4 - 2. Suppose -d - b*d = -42. List the prime factors of (-2)/(-7) - (-122)/d.
3
Let n(f) = 2*f**3 - f**2 - 3*f. What are the prime factors of n(3)?
2, 3
Let j(b) = 0*b + 2*b + 2*b - 5*b**2 + b**3 + 2. Let d be j(4). Suppose 0 = -d*a - 0*a + 8. List the prime factors of a.
2
Suppose 5*t - 656 = 5*y - 4*y, 4*t = -4*y + 544. What are the prime factors of t?
2, 3, 11
Let s = 5 - 5. List the prime factors of (-1 + 0 + s)*-9.
3
Let m = 20 + 7. What are the prime factors of m?
3
Suppose -24 + 9 = -3*b. Suppose -4*j + 16 = 0, c + b*j = -2*c + 68. What are the prime factors of c?
2
Suppose 12 + 8 = 3*s - u, 5*s = -2*u + 37. What are the prime factors of s?
7
What are the prime factors of (-1)/(232/(-76) - (-1 + -2))?
19
Suppose 1 = 3*t + 4, -62 = -k + 2*t. What are the prime factors of k?
2, 3, 5
Suppose -3*g = 60 + 30. Let v = g - -50. List the prime factors of v.
2, 5
Suppose -648 = -13*r + 4*r. What are the prime factors of r?
2, 3
What are the prime factors of (-25)/(2*6/(-168))?
2, 5, 7
Let p(c) be the second derivative of c**3/6 - c**2/2 - 2*c. Let g be p(3). Suppose -g*j = 2*j - 16. What are the prime factors of j?
2
Let v = -4 - -4. Suppose v = z - 2*z - 5*x + 38, -4*z + x + 110 = 0. What are the prime factors of z?
2, 7
Suppose 2*g - 22 = 16. Suppose 5*j - 46 = -3*o + g, o = 5*j - 45. List the prime factors of j.
2, 5
Let h = 113 - 79. Suppose -h = -5*n + 3*n. List the prime factors of n.
17
Suppose -4*c + 0*c = -2*m - 10, c + 4*m - 7 = 0. Suppose -5*z = -c - 2. Suppose -3*v + z + 1 = 2*q, -5*q - 37 = -3*v. List the prime factors of v.
2
Suppose -5*d = -2*i + 43, d + 14 = 4*i - 45. What are the prime factors of i?
2, 7
Let j = -2 - -4. Suppose 24 = j*q - 5*y, 3*q - 3*y - 22 = -2*q. Suppose -q*g - g = -24. List the prime factors of g.
2
Let z be 5/2*24/20. Suppose 2*o = z*o - 13. List the prime factors of o.
13
Let w = 0 - -3. Suppose 4*h = 2*b, 0 = 5*b + 2*h - w*h - 18. Suppose 4*p = -0*p - 20, -o - b*p - 2 = 0. List the prime factors of o.
2, 3
Let c = 11 - 5. Let a = c + -10. Let z = a - -8. List the prime factors of z.
2
Let h(u) = u**3 - 27. Let w be h(0). Let m = w + 38. List the prime factors of m.
11
Let c(b) = -2*b**3 - 2*b**2 - 4. Let y be c(-2). Suppose 0 = -y*d - 94 + 342. What are the prime factors of d?
2, 31
What are the prime factors of 62*3 + (6 - 3)?
3, 7
Let j = 55 + 157. List the prime factors of